{"id":70,"date":"2019-12-25T16:14:34","date_gmt":"2019-12-25T16:14:34","guid":{"rendered":"http:\/\/www.lesfilsdezouaves.fr\/tst1\/?page_id=70"},"modified":"2019-12-25T16:14:34","modified_gmt":"2019-12-25T16:14:34","slug":"nasredine-le-hodja-les-pas-sages-dun-fou","status":"publish","type":"page","link":"http:\/\/kamel-zouaoui.fr\/?page_id=70","title":{"rendered":"Nasredine le Hodja : Les pas sages d&rsquo;un fou !"},"content":{"rendered":"\n<div class=\"wp-block-image\"><figure class=\"aligncenter\"><a href=\"http:\/\/www.kamel-zouaoui.fr.fr\/nasredine-le-hodja--les-pas-sages-d-un-fou.html\"><img decoding=\"async\" src=\"http:\/\/www.kamel-zouaoui.fr.fr\/images\/les%20pas%20sages%20d-un%20fou.jpg?crc=407775677\" alt=\"\"\/><\/a><\/figure><\/div>\n\n\n\n<p>\u00ab\u00a0Les Pas sages d&rsquo;un fou\u00a0\u00bb&nbsp;est le Premier volet de la trilogie Nasredine :<\/p>\n\n\n\n<p>Les histoires de Nasredine ont travers\u00e9 les si\u00e8cles et se transmettent dans les familles de g\u00e9n\u00e9ration en g\u00e9n\u00e9ration, tout autour de la M\u00e9diterran\u00e9e et bien au-del\u00e0 !<\/p>\n\n\n\n<p>Ce conte anim\u00e9 est une invitation au voyage, dans l&rsquo;univers de Nasredine au travers de 22 m\u00e9taphores li\u00e9es entre elles et cont\u00e9es avec passion, \u00e0 la mani\u00e8re du Goual (le Diseur Maghr\u00e9bin).<\/p>\n\n\n\n<p>Kamel Zouaoui nous offre de partager les aventures de Nasredine, de sa famille et de ses voisins dans un village universel imaginaire.<\/p>\n\n\n\n<p>Il devient tour \u00e0 tour chacun des personnages, en laissant son aura de conteur orchestrer l&rsquo;aventure !<\/p>\n\n\n\n<p>Cette mani\u00e8re de raconter nous permet de d\u00e9couvrir ou red\u00e9couvrir des sagesses de Nasredine contextualis\u00e9es et accessibles \u00e0 tous les porteurs d&rsquo;oreilles!<\/p>\n\n\n\n<p>Ce spectacle n\u00e9 en 2008 dans la cave du Buveur de Lune, Caf\u00e9 du onzi\u00e8me arrondissement de Paris, a \u00e9t\u00e9 cont\u00e9 plus de 780 fois en France et dans le monde.<\/p>\n\n\n\n<p>Dur\u00e9e : 75 minutes, peut-\u00eatre cont\u00e9 avec ou sans musicien.<\/p>\n\n\n\n<p>\u00ab\u00a0Les pas sages d&rsquo;un fou\u00a0\u00bb est \u00e9dit\u00e9 en version illustr\u00e9e depuis Septembre 2010 aux \u00e9ditions El Ibriz<\/p>\n\n\n\n<p>\u00abUn magnifique voyage en Orient dans notre part d&rsquo;enfance qui offre une belle m\u00e9ditation sur la vie et la sagesse.\u00bb Vaucluse matin<\/p>\n\n\n\n<p>\u00abOn ressort de ce spectacle avec la douce certitude de n&rsquo;\u00eatre que d&rsquo;un seul monde.\u00bb Agenda des Spectacles<br><\/p>\n","protected":false},"excerpt":{"rendered":"<p>\u00ab\u00a0Les Pas sages d&rsquo;un fou\u00a0\u00bb&nbsp;est le Premier volet de la trilogie Nasredine : Les histoires de Nasredine ont travers\u00e9 les si\u00e8cles et se transmettent dans les familles de g\u00e9n\u00e9ration en g\u00e9n\u00e9ration, tout autour de la M\u00e9diterran\u00e9e et bien au-del\u00e0 ! Ce conte anim\u00e9 est une invitation au voyage, dans l&rsquo;univers de Nasredine au travers de [&hellip;]<\/p>\n","protected":false},"author":1,"featured_media":0,"parent":0,"menu_order":0,"comment_status":"closed","ping_status":"closed","template":"","meta":{"footnotes":""},"_links":{"self":[{"href":"http:\/\/kamel-zouaoui.fr\/index.php?rest_route=\/wp\/v2\/pages\/70"}],"collection":[{"href":"http:\/\/kamel-zouaoui.fr\/index.php?rest_route=\/wp\/v2\/pages"}],"about":[{"href":"http:\/\/kamel-zouaoui.fr\/index.php?rest_route=\/wp\/v2\/types\/page"}],"author":[{"embeddable":true,"href":"http:\/\/kamel-zouaoui.fr\/index.php?rest_route=\/wp\/v2\/users\/1"}],"replies":[{"embeddable":true,"href":"http:\/\/kamel-zouaoui.fr\/index.php?rest_route=%2Fwp%2Fv2%2Fcomments&post=70"}],"version-history":[{"count":0,"href":"http:\/\/kamel-zouaoui.fr\/index.php?rest_route=\/wp\/v2\/pages\/70\/revisions"}],"wp:attachment":[{"href":"http:\/\/kamel-zouaoui.fr\/index.php?rest_route=%2Fwp%2Fv2%2Fmedia&parent=70"}],"curies":[{"name":"wp","href":"https:\/\/api.w.org\/{rel}","templated":true}]}}

<div class="wp-block-image"><figure class="aligncenter"><a href="http://www.kamel-zouaoui.fr.fr/nasredine-le-hodja--les-pas-sages-d-un-fou.html"><img decoding="async" src="http://www.kamel-zouaoui.fr.fr/images/les%20pas%20sages%20d-un%20fou.jpg?crc=407775677" alt=""/></a></figure></div>



<p>« Les Pas sages d&rsquo;un fou »&nbsp;est le Premier volet de la trilogie Nasredine :</p>



<p>Les histoires de Nasredine ont traversé les siècles et se transmettent dans les familles de génération en génération, tout autour de la Méditerranée et bien au-delà !</p>



<p>Ce conte animé est une invitation au voyage, dans l&rsquo;univers de Nasredine au travers de 22 métaphores liées entre elles et contées avec passion, à la manière du Goual (le Diseur Maghrébin).</p>



<p>Kamel Zouaoui nous offre de partager les aventures de Nasredine, de sa famille et de ses voisins dans un village universel imaginaire.</p>



<p>Il devient tour à tour chacun des personnages, en laissant son aura de conteur orchestrer l&rsquo;aventure !</p>



<p>Cette manière de raconter nous permet de découvrir ou redécouvrir des sagesses de Nasredine contextualisées et accessibles à tous les porteurs d&rsquo;oreilles!</p>



<p>Ce spectacle né en 2008 dans la cave du Buveur de Lune, Café du onzième arrondissement de Paris, a été conté plus de 780 fois en France et dans le monde.</p>



<p>Durée : 75 minutes, peut-être conté avec ou sans musicien.</p>



<p>« Les pas sages d&rsquo;un fou » est édité en version illustrée depuis Septembre 2010 aux éditions El Ibriz</p>



<p>«Un magnifique voyage en Orient dans notre part d&rsquo;enfance qui offre une belle méditation sur la vie et la sagesse.» Vaucluse matin</p>



<p>«On ressort de ce spectacle avec la douce certitude de n&rsquo;être que d&rsquo;un seul monde.» Agenda des Spectacles<br></p>

<p>« Les Pas sages d&rsquo;un fou »&nbsp;est le Premier volet de la trilogie Nasredine : Les histoires de Nasredine ont traversé les siècles et se transmettent dans les familles de génération en génération, tout autour de la Méditerranée et bien au-delà ! Ce conte animé est une invitation au voyage, dans l&rsquo;univers de Nasredine au travers de [&hellip;]</p>
