{"id":462,"date":"2019-12-27T18:22:03","date_gmt":"2019-12-27T18:22:03","guid":{"rendered":"http:\/\/www.kamel-zouaoui.fr\/?page_id=462"},"modified":"2022-07-03T14:53:11","modified_gmt":"2022-07-03T14:53:11","slug":"bilbao","status":"publish","type":"page","link":"http:\/\/kamel-zouaoui.fr\/?page_id=462","title":{"rendered":"BILBAO"},"content":{"rendered":"<div id=\"u19249\" class=\"clip_frame colelem\" data-muse-uid=\"U19249\" data-muse-type=\"img_frame\"><img decoding=\"async\" id=\"u19249_img\" class=\"block\" src=\"http:\/\/www.lesfilsdezouaves.fr\/test2\/images\/bilbao%201.jpg?crc=445098357\" alt=\"\" data-muse-src=\"images\/bilbao%201.jpg?crc=445098357\" data-image-width=\"280\" data-image-height=\"302\" \/><img loading=\"lazy\" decoding=\"async\" class=\"alignnone wp-image-555\" src=\"http:\/\/kamel-zouaoui.fr\/wp-content\/uploads\/2022\/07\/bilbao-1-278x300.jpg\" alt=\"\" width=\"567\" height=\"612\" srcset=\"http:\/\/kamel-zouaoui.fr\/wp-content\/uploads\/2022\/07\/bilbao-1-278x300.jpg 278w, http:\/\/kamel-zouaoui.fr\/wp-content\/uploads\/2022\/07\/bilbao-1-230x248.jpg 230w, http:\/\/kamel-zouaoui.fr\/wp-content\/uploads\/2022\/07\/bilbao-1.jpg 280w\" sizes=\"(max-width: 567px) 100vw, 567px\" \/><\/div>\n<div data-muse-uid=\"U19249\" data-muse-type=\"img_frame\"><\/div>\n<div id=\"u17262-69\" class=\"clearfix colelem\" data-muse-uid=\"U17262\" data-muse-type=\"txt_frame\">\n<p><strong><span id=\"u17262-3\">06 Avril 2016<\/span>\u00a0&#8211; 13:35 (Bilbao)<\/strong><\/p>\n<p>BILBAO&#8230; vue du hublot&#8230;<\/p>\n<p id=\"u17262-12\"><span id=\"u17262-10\">\u200b<img loading=\"lazy\" decoding=\"async\" class=\"alignnone wp-image-556\" src=\"http:\/\/kamel-zouaoui.fr\/wp-content\/uploads\/2022\/07\/bilbao-2-300x169.jpg\" alt=\"\" width=\"738\" height=\"416\" srcset=\"http:\/\/kamel-zouaoui.fr\/wp-content\/uploads\/2022\/07\/bilbao-2-300x169.jpg 300w, http:\/\/kamel-zouaoui.fr\/wp-content\/uploads\/2022\/07\/bilbao-2-230x129.jpg 230w, http:\/\/kamel-zouaoui.fr\/wp-content\/uploads\/2022\/07\/bilbao-2-350x197.jpg 350w, http:\/\/kamel-zouaoui.fr\/wp-content\/uploads\/2022\/07\/bilbao-2-480x270.jpg 480w, http:\/\/kamel-zouaoui.fr\/wp-content\/uploads\/2022\/07\/bilbao-2.jpg 550w\" sizes=\"(max-width: 738px) 100vw, 738px\" \/><\/span><\/p>\n<p><strong><span id=\"u17262-14\">06 Avril 2016<\/span>\u00a0&#8211; 18:27 (Bilbao)<\/strong><\/p>\n<p>Premiers regards sur Bilbao, mes yeux et mon ventre ont appr\u00e9ci\u00e9 et me voici maintenant au Village d &lsquo;O\u00f1ati , dans un coin de la bibliotheque, mis pasos sabios se veen locos !<\/p>\n<p id=\"u17262-24\"><span id=\"u17262-21\">\u200b<img loading=\"lazy\" decoding=\"async\" class=\"alignnone wp-image-557\" src=\"http:\/\/kamel-zouaoui.fr\/wp-content\/uploads\/2022\/07\/bilbao-3-265x300.png\" alt=\"\" width=\"735\" height=\"832\" srcset=\"http:\/\/kamel-zouaoui.fr\/wp-content\/uploads\/2022\/07\/bilbao-3-265x300.png 265w, http:\/\/kamel-zouaoui.fr\/wp-content\/uploads\/2022\/07\/bilbao-3-230x260.png 230w, http:\/\/kamel-zouaoui.fr\/wp-content\/uploads\/2022\/07\/bilbao-3-350x396.png 350w, http:\/\/kamel-zouaoui.fr\/wp-content\/uploads\/2022\/07\/bilbao-3-480x543.png 480w, http:\/\/kamel-zouaoui.fr\/wp-content\/uploads\/2022\/07\/bilbao-3.png 599w\" sizes=\"(max-width: 735px) 100vw, 735px\" \/> <\/span><\/p>\n<p><span id=\"u17262-21\"><img loading=\"lazy\" decoding=\"async\" class=\"alignnone wp-image-558\" src=\"http:\/\/kamel-zouaoui.fr\/wp-content\/uploads\/2022\/07\/bilbao-4-300x178.png\" alt=\"\" width=\"733\" height=\"435\" srcset=\"http:\/\/kamel-zouaoui.fr\/wp-content\/uploads\/2022\/07\/bilbao-4-300x178.png 300w, http:\/\/kamel-zouaoui.fr\/wp-content\/uploads\/2022\/07\/bilbao-4-230x136.png 230w, http:\/\/kamel-zouaoui.fr\/wp-content\/uploads\/2022\/07\/bilbao-4-350x207.png 350w, http:\/\/kamel-zouaoui.fr\/wp-content\/uploads\/2022\/07\/bilbao-4-480x284.png 480w, http:\/\/kamel-zouaoui.fr\/wp-content\/uploads\/2022\/07\/bilbao-4.png 598w\" sizes=\"(max-width: 733px) 100vw, 733px\" \/> <img loading=\"lazy\" decoding=\"async\" class=\"alignnone wp-image-559\" src=\"http:\/\/kamel-zouaoui.fr\/wp-content\/uploads\/2022\/07\/bilbao-5-300x206.png\" alt=\"\" width=\"733\" height=\"503\" srcset=\"http:\/\/kamel-zouaoui.fr\/wp-content\/uploads\/2022\/07\/bilbao-5-300x206.png 300w, http:\/\/kamel-zouaoui.fr\/wp-content\/uploads\/2022\/07\/bilbao-5-230x158.png 230w, http:\/\/kamel-zouaoui.fr\/wp-content\/uploads\/2022\/07\/bilbao-5-350x241.png 350w, http:\/\/kamel-zouaoui.fr\/wp-content\/uploads\/2022\/07\/bilbao-5-480x330.png 480w, http:\/\/kamel-zouaoui.fr\/wp-content\/uploads\/2022\/07\/bilbao-5.png 593w\" sizes=\"(max-width: 733px) 100vw, 733px\" \/><\/span><span id=\"u17262-23\"><\/span><\/p>\n<p id=\"u17262-34\"><span id=\"u17262-33\"><\/span><strong><span id=\"u17262-36\">07 Avril 2016<\/span>\u00a0&#8211; 11:27 (Bilbao)<\/strong><\/p>\n<p id=\"u17262-41\">Recyclage basque : les mercredis de dr\u00f4les d arbres apparaissent, chaque habitant dispose de sa branche&#8230; les vendredis ,les arbres deviennent des verreries&#8230;<\/p>\n<p id=\"u17262-46\"><span id=\"u17262-43\">\u200b<img loading=\"lazy\" decoding=\"async\" class=\"alignnone wp-image-560\" src=\"http:\/\/kamel-zouaoui.fr\/wp-content\/uploads\/2022\/07\/bilbao-6-219x300.jpg\" alt=\"\" width=\"734\" height=\"1005\" srcset=\"http:\/\/kamel-zouaoui.fr\/wp-content\/uploads\/2022\/07\/bilbao-6-219x300.jpg 219w, http:\/\/kamel-zouaoui.fr\/wp-content\/uploads\/2022\/07\/bilbao-6-230x314.jpg 230w, http:\/\/kamel-zouaoui.fr\/wp-content\/uploads\/2022\/07\/bilbao-6-350x478.jpg 350w, http:\/\/kamel-zouaoui.fr\/wp-content\/uploads\/2022\/07\/bilbao-6-480x656.jpg 480w, http:\/\/kamel-zouaoui.fr\/wp-content\/uploads\/2022\/07\/bilbao-6.jpg 548w\" sizes=\"(max-width: 734px) 100vw, 734px\" \/><\/span><span id=\"u17262-45\"><\/span><\/p>\n<p id=\"u17262-50\"><strong><span id=\"u17262-48\">07 Avril 2016<\/span>\u00a0&#8211; 18:30 (Bilbao)<\/strong><\/p>\n<p id=\"u17262-53\">Pour obtenir de la lumi\u00e8re dans la Basilique du village de El Orrio, il faut mettre un euro pour activer la minuterie, sinon il faut s&rsquo;\u00e9clairer de sa lumi\u00e8re int\u00e9rieur!<\/p>\n<p id=\"u17262-56\">Hier j ai cont\u00e9\u00ab les pas sages d&rsquo;un fou\u00bb dans la biblioth\u00e8que du village d&rsquo; O\u00f1ati, bel accueil de la part du public. Les sourires et les rires basques ont swingu\u00e9 de concert avec les lueurs des regards profonds des migrants maghr\u00e9bins et N\u00e9palais qui \u00e9taient \u00e9galement pr\u00e9sents&#8230;<\/p>\n<p id=\"u17262-59\">Plus qu&rsquo;un moment de conte, j&rsquo;ai senti dans leur \u00e9motion une reconnexion publique avec un patrimoine intime et peut \u00eatre encore enfoui dans des valises que l&rsquo;on ne d\u00e9fait jamais compl\u00e8tement&#8230;Je ne sais si le mot \u00ab harrague\u00bb existe en basque , mais cette terre du nord de l&rsquo;Espagne semble offrir \u00e0 quelques un , un exil fragile et temporaire..<\/p>\n<p id=\"u17262-62\">Bien sur, avant de me s\u00e9parer physiquement de ces invisibles m\u00eal\u00e9s \u00e0 la sereine soci\u00e9t\u00e9 d&rsquo;Euskadi, je leur ai racont\u00e9 l&rsquo;odeur du couscous, juste pour les rassurer et leur dire que l&rsquo;exil est chose universelle et que le plus difficile des exils , reste celui que l&rsquo;on vit en soit m\u00eame.. c etait muy bueno este encuentro !<\/p>\n<p id=\"u17262-67\"><span id=\"u17262-64\">\u200b<img loading=\"lazy\" decoding=\"async\" class=\"alignnone wp-image-561\" src=\"http:\/\/kamel-zouaoui.fr\/wp-content\/uploads\/2022\/07\/bilbao-7-300x276.jpg\" alt=\"\" width=\"734\" height=\"675\" srcset=\"http:\/\/kamel-zouaoui.fr\/wp-content\/uploads\/2022\/07\/bilbao-7-300x276.jpg 300w, http:\/\/kamel-zouaoui.fr\/wp-content\/uploads\/2022\/07\/bilbao-7-230x212.jpg 230w, http:\/\/kamel-zouaoui.fr\/wp-content\/uploads\/2022\/07\/bilbao-7-350x322.jpg 350w, http:\/\/kamel-zouaoui.fr\/wp-content\/uploads\/2022\/07\/bilbao-7-480x442.jpg 480w, http:\/\/kamel-zouaoui.fr\/wp-content\/uploads\/2022\/07\/bilbao-7.jpg 579w\" sizes=\"(max-width: 734px) 100vw, 734px\" \/><\/span><\/p>\n<\/div>\n","protected":false},"excerpt":{"rendered":"<p>06 Avril 2016\u00a0&#8211; 13:35 (Bilbao) BILBAO&#8230; vue du hublot&#8230; \u200b 06 Avril 2016\u00a0&#8211; 18:27 (Bilbao) Premiers regards sur Bilbao, mes yeux et mon ventre ont appr\u00e9ci\u00e9 et me voici maintenant au Village d &lsquo;O\u00f1ati , dans un coin de la bibliotheque, mis pasos sabios se veen locos ! \u200b 07 Avril 2016\u00a0&#8211; 11:27 (Bilbao) Recyclage [&hellip;]<\/p>\n","protected":false},"author":1,"featured_media":0,"parent":0,"menu_order":0,"comment_status":"closed","ping_status":"closed","template":"","meta":{"footnotes":""},"_links":{"self":[{"href":"http:\/\/kamel-zouaoui.fr\/index.php?rest_route=\/wp\/v2\/pages\/462"}],"collection":[{"href":"http:\/\/kamel-zouaoui.fr\/index.php?rest_route=\/wp\/v2\/pages"}],"about":[{"href":"http:\/\/kamel-zouaoui.fr\/index.php?rest_route=\/wp\/v2\/types\/page"}],"author":[{"embeddable":true,"href":"http:\/\/kamel-zouaoui.fr\/index.php?rest_route=\/wp\/v2\/users\/1"}],"replies":[{"embeddable":true,"href":"http:\/\/kamel-zouaoui.fr\/index.php?rest_route=%2Fwp%2Fv2%2Fcomments&post=462"}],"version-history":[{"count":7,"href":"http:\/\/kamel-zouaoui.fr\/index.php?rest_route=\/wp\/v2\/pages\/462\/revisions"}],"predecessor-version":[{"id":566,"href":"http:\/\/kamel-zouaoui.fr\/index.php?rest_route=\/wp\/v2\/pages\/462\/revisions\/566"}],"wp:attachment":[{"href":"http:\/\/kamel-zouaoui.fr\/index.php?rest_route=%2Fwp%2Fv2%2Fmedia&parent=462"}],"curies":[{"name":"wp","href":"https:\/\/api.w.org\/{rel}","templated":true}]}}

<div id="u19249" class="clip_frame colelem" data-muse-uid="U19249" data-muse-type="img_frame"><img decoding="async" id="u19249_img" class="block" src="http://www.lesfilsdezouaves.fr/test2/images/bilbao%201.jpg?crc=445098357" alt="" data-muse-src="images/bilbao%201.jpg?crc=445098357" data-image-width="280" data-image-height="302" /><img loading="lazy" decoding="async" class="alignnone wp-image-555" src="http://kamel-zouaoui.fr/wp-content/uploads/2022/07/bilbao-1-278x300.jpg" alt="" width="567" height="612" srcset="http://kamel-zouaoui.fr/wp-content/uploads/2022/07/bilbao-1-278x300.jpg 278w, http://kamel-zouaoui.fr/wp-content/uploads/2022/07/bilbao-1-230x248.jpg 230w, http://kamel-zouaoui.fr/wp-content/uploads/2022/07/bilbao-1.jpg 280w" sizes="(max-width: 567px) 100vw, 567px" /></div>
<div data-muse-uid="U19249" data-muse-type="img_frame"></div>
<div id="u17262-69" class="clearfix colelem" data-muse-uid="U17262" data-muse-type="txt_frame">
<p><strong><span id="u17262-3">06 Avril 2016</span> &#8211; 13:35 (Bilbao)</strong></p>
<p>BILBAO&#8230; vue du hublot&#8230;</p>
<p id="u17262-12"><span id="u17262-10">​<img loading="lazy" decoding="async" class="alignnone wp-image-556" src="http://kamel-zouaoui.fr/wp-content/uploads/2022/07/bilbao-2-300x169.jpg" alt="" width="738" height="416" srcset="http://kamel-zouaoui.fr/wp-content/uploads/2022/07/bilbao-2-300x169.jpg 300w, http://kamel-zouaoui.fr/wp-content/uploads/2022/07/bilbao-2-230x129.jpg 230w, http://kamel-zouaoui.fr/wp-content/uploads/2022/07/bilbao-2-350x197.jpg 350w, http://kamel-zouaoui.fr/wp-content/uploads/2022/07/bilbao-2-480x270.jpg 480w, http://kamel-zouaoui.fr/wp-content/uploads/2022/07/bilbao-2.jpg 550w" sizes="(max-width: 738px) 100vw, 738px" /></span></p>
<p><strong><span id="u17262-14">06 Avril 2016</span> &#8211; 18:27 (Bilbao)</strong></p>
<p>Premiers regards sur Bilbao, mes yeux et mon ventre ont apprécié et me voici maintenant au Village d &lsquo;Oñati , dans un coin de la bibliotheque, mis pasos sabios se veen locos !</p>
<p id="u17262-24"><span id="u17262-21">​<img loading="lazy" decoding="async" class="alignnone wp-image-557" src="http://kamel-zouaoui.fr/wp-content/uploads/2022/07/bilbao-3-265x300.png" alt="" width="735" height="832" srcset="http://kamel-zouaoui.fr/wp-content/uploads/2022/07/bilbao-3-265x300.png 265w, http://kamel-zouaoui.fr/wp-content/uploads/2022/07/bilbao-3-230x260.png 230w, http://kamel-zouaoui.fr/wp-content/uploads/2022/07/bilbao-3-350x396.png 350w, http://kamel-zouaoui.fr/wp-content/uploads/2022/07/bilbao-3-480x543.png 480w, http://kamel-zouaoui.fr/wp-content/uploads/2022/07/bilbao-3.png 599w" sizes="(max-width: 735px) 100vw, 735px" /> </span></p>
<p><span id="u17262-21"><img loading="lazy" decoding="async" class="alignnone wp-image-558" src="http://kamel-zouaoui.fr/wp-content/uploads/2022/07/bilbao-4-300x178.png" alt="" width="733" height="435" srcset="http://kamel-zouaoui.fr/wp-content/uploads/2022/07/bilbao-4-300x178.png 300w, http://kamel-zouaoui.fr/wp-content/uploads/2022/07/bilbao-4-230x136.png 230w, http://kamel-zouaoui.fr/wp-content/uploads/2022/07/bilbao-4-350x207.png 350w, http://kamel-zouaoui.fr/wp-content/uploads/2022/07/bilbao-4-480x284.png 480w, http://kamel-zouaoui.fr/wp-content/uploads/2022/07/bilbao-4.png 598w" sizes="(max-width: 733px) 100vw, 733px" /> <img loading="lazy" decoding="async" class="alignnone wp-image-559" src="http://kamel-zouaoui.fr/wp-content/uploads/2022/07/bilbao-5-300x206.png" alt="" width="733" height="503" srcset="http://kamel-zouaoui.fr/wp-content/uploads/2022/07/bilbao-5-300x206.png 300w, http://kamel-zouaoui.fr/wp-content/uploads/2022/07/bilbao-5-230x158.png 230w, http://kamel-zouaoui.fr/wp-content/uploads/2022/07/bilbao-5-350x241.png 350w, http://kamel-zouaoui.fr/wp-content/uploads/2022/07/bilbao-5-480x330.png 480w, http://kamel-zouaoui.fr/wp-content/uploads/2022/07/bilbao-5.png 593w" sizes="(max-width: 733px) 100vw, 733px" /></span><span id="u17262-23"></span></p>
<p id="u17262-34"><span id="u17262-33"></span><strong><span id="u17262-36">07 Avril 2016</span> &#8211; 11:27 (Bilbao)</strong></p>
<p id="u17262-41">Recyclage basque : les mercredis de drôles d arbres apparaissent, chaque habitant dispose de sa branche&#8230; les vendredis ,les arbres deviennent des verreries&#8230;</p>
<p id="u17262-46"><span id="u17262-43">​<img loading="lazy" decoding="async" class="alignnone wp-image-560" src="http://kamel-zouaoui.fr/wp-content/uploads/2022/07/bilbao-6-219x300.jpg" alt="" width="734" height="1005" srcset="http://kamel-zouaoui.fr/wp-content/uploads/2022/07/bilbao-6-219x300.jpg 219w, http://kamel-zouaoui.fr/wp-content/uploads/2022/07/bilbao-6-230x314.jpg 230w, http://kamel-zouaoui.fr/wp-content/uploads/2022/07/bilbao-6-350x478.jpg 350w, http://kamel-zouaoui.fr/wp-content/uploads/2022/07/bilbao-6-480x656.jpg 480w, http://kamel-zouaoui.fr/wp-content/uploads/2022/07/bilbao-6.jpg 548w" sizes="(max-width: 734px) 100vw, 734px" /></span><span id="u17262-45"></span></p>
<p id="u17262-50"><strong><span id="u17262-48">07 Avril 2016</span> &#8211; 18:30 (Bilbao)</strong></p>
<p id="u17262-53">Pour obtenir de la lumière dans la Basilique du village de El Orrio, il faut mettre un euro pour activer la minuterie, sinon il faut s&rsquo;éclairer de sa lumière intérieur!</p>
<p id="u17262-56">Hier j ai conté« les pas sages d&rsquo;un fou» dans la bibliothèque du village d&rsquo; Oñati, bel accueil de la part du public. Les sourires et les rires basques ont swingué de concert avec les lueurs des regards profonds des migrants maghrébins et Népalais qui étaient également présents&#8230;</p>
<p id="u17262-59">Plus qu&rsquo;un moment de conte, j&rsquo;ai senti dans leur émotion une reconnexion publique avec un patrimoine intime et peut être encore enfoui dans des valises que l&rsquo;on ne défait jamais complètement&#8230;Je ne sais si le mot « harrague» existe en basque , mais cette terre du nord de l&rsquo;Espagne semble offrir à quelques un , un exil fragile et temporaire..</p>
<p id="u17262-62">Bien sur, avant de me séparer physiquement de ces invisibles mêlés à la sereine société d&rsquo;Euskadi, je leur ai raconté l&rsquo;odeur du couscous, juste pour les rassurer et leur dire que l&rsquo;exil est chose universelle et que le plus difficile des exils , reste celui que l&rsquo;on vit en soit même.. c etait muy bueno este encuentro !</p>
<p id="u17262-67"><span id="u17262-64">​<img loading="lazy" decoding="async" class="alignnone wp-image-561" src="http://kamel-zouaoui.fr/wp-content/uploads/2022/07/bilbao-7-300x276.jpg" alt="" width="734" height="675" srcset="http://kamel-zouaoui.fr/wp-content/uploads/2022/07/bilbao-7-300x276.jpg 300w, http://kamel-zouaoui.fr/wp-content/uploads/2022/07/bilbao-7-230x212.jpg 230w, http://kamel-zouaoui.fr/wp-content/uploads/2022/07/bilbao-7-350x322.jpg 350w, http://kamel-zouaoui.fr/wp-content/uploads/2022/07/bilbao-7-480x442.jpg 480w, http://kamel-zouaoui.fr/wp-content/uploads/2022/07/bilbao-7.jpg 579w" sizes="(max-width: 734px) 100vw, 734px" /></span></p>
</div>

<p>06 Avril 2016 &#8211; 13:35 (Bilbao) BILBAO&#8230; vue du hublot&#8230; ​ 06 Avril 2016 &#8211; 18:27 (Bilbao) Premiers regards sur Bilbao, mes yeux et mon ventre ont apprécié et me voici maintenant au Village d &lsquo;Oñati , dans un coin de la bibliotheque, mis pasos sabios se veen locos ! ​ 07 Avril 2016 &#8211; 11:27 (Bilbao) Recyclage [&hellip;]</p>
