{"id":233,"date":"2019-12-25T20:34:04","date_gmt":"2019-12-25T20:34:04","guid":{"rendered":"http:\/\/www.lesfilsdezouaves.fr\/tst1\/?page_id=221"},"modified":"2019-12-30T17:59:09","modified_gmt":"2019-12-30T17:59:09","slug":"volet-pedagogique-2","status":"publish","type":"page","link":"http:\/\/kamel-zouaoui.fr\/?page_id=233","title":{"rendered":"Volet p\u00e9dagogique"},"content":{"rendered":"\r\n<div class=\"wp-block-image\" style=\"text-align: left;\">\r\n<figure class=\"aligncenter is-resized\"><img loading=\"lazy\" decoding=\"async\" id=\"u35166_img\" class=\"block alignnone\" src=\"http:\/\/www.lesfilsdezouaves.fr\/ancien_site\/images\/accueil%2040327x184.jpg?crc=4231470503\" alt=\"\" width=\"474\" height=\"266\" data-muse-src=\"images\/accueil%2040327x184.jpg?crc=4231470503\" \/><\/figure>\r\n<\/div>\r\n\r\n\r\n\r\n<p style=\"text-align: left;\">Dans les \u00e9coles, le conteur peut intervenir pour des ateliers ou des moments de conte, en France et \u00e0 l\u2019\u00e9tranger, il intervient aupr\u00e8s de tous les publics de la Maternelle jusqu&rsquo;au Lyc\u00e9e.<\/p>\r\n\r\n\r\n\r\n<p style=\"text-align: left;\">Langue de travail : fran\u00e7ais, anglais et espagnol.<\/p>\r\n<p style=\"text-align: left;\"><img loading=\"lazy\" decoding=\"async\" src=\"http:\/\/www.kamel-zouaoui.fr.fr\/images\/accueil%2041270x152.jpg?crc=529879086\" alt=\"\" width=\"599\" height=\"337\" \/>Plusieurs formules sont possibles selon les attentes des \u00e9quipes p\u00e9dagogiques, il peut :<\/p>\r\n\r\n\r\n\r\n<p style=\"text-align: left;\">&#8211; Intervenir dans les classes de maternelles\u00a0 (1 ou 2 contes par classes, jusqu&rsquo;\u00e0 35 minutes),<\/p>\r\n\r\n\r\n\r\n<p style=\"text-align: left;\">&#8211; Intervenir dans les classes de primaires pour des sessions de conte d&rsquo; 1 heure,<\/p>\r\n\r\n\r\n\r\n<p style=\"text-align: left;\">&#8211; Intervenir en CM2 pour animer un atelier d\u2019\u00e9criture collective de contes, pour r\u00e9pondre \u00e0 des questions sur l\u2019oralit\u00e9, pour \u00e9couter le travail des \u00e9l\u00e8ves,<\/p>\r\n\r\n\r\n\r\n<p style=\"text-align: left;\">&#8211; Intervenir dans les classes de coll\u00e8ge pour conter et \/ ou animer des ateliers d\u2019\u00e9criture de contes,<\/p>\r\n<p style=\"text-align: left;\">&#8211; Intervenir dans les classes de Lyc\u00e9e pour conter et\/ou animer des ateliers d\u2019\u00e9criture de contes,<\/p>\r\n\r\n\r\n\r\n\r\n\r\n<p style=\"text-align: left;\">&#8211; Rencontrer les enseignants pour une formation autour du conte \u00e0 l\u2019\u00e9cole, partage de m\u00e9thodes, questions\/r\u00e9ponses, etc &#8230;<\/p>\r\n<p><img loading=\"lazy\" decoding=\"async\" src=\"http:\/\/www.kamel-zouaoui.fr.fr\/images\/accueil%2039.jpg?crc=3980794294\" alt=\"\" width=\"599\" height=\"337\" \/>&#8211; Animer des s\u00e9ances de contes pour adultes,<\/p>\r\n<p style=\"text-align: left;\">&#8211; Pr\u00e9senter ses spectacles pour des classes, des adultes,<\/p>\r\n<p style=\"text-align: left;\">\r\n\r\n<\/p>\r\n<p style=\"text-align: left;\">&#8211; Animer des ateliers d&rsquo;expression orale et de prise de parole en public (pour les\u00a0 \u00e9l\u00e8ves de primaires, du coll\u00e8ge, du lyc\u00e9e,\u00a0 ainsi que pour les adultes).<\/p>\r\n<p style=\"text-align: left;\">\r\n\r\n<\/p>\r\n<p style=\"text-align: left;\">Les ateliers sont ex\u00e9cut\u00e9s conform\u00e9ment \u00e0 une fiche p\u00e9dagogique valid\u00e9e par l\u2019AEFE.\u00a0 (disponible sur demande :\u00a0<a href=\"http:\/\/kamel-zouaoui.fr\/?page_id=8\">ICI<\/a>)<\/p>\r\n<p style=\"text-align: left;\"><img loading=\"lazy\" decoding=\"async\" id=\"u35238_img\" class=\"block alignnone\" src=\"http:\/\/www.lesfilsdezouaves.fr\/ancien_site\/images\/accueil%2039.jpg?crc=3980794294\" alt=\"\" width=\"479\" height=\"269\" data-muse-src=\"images\/accueil%2039.jpg?crc=3980794294\" \/><\/p>\r\n<p style=\"text-align: left;\"><img loading=\"lazy\" decoding=\"async\" id=\"u35189_img\" class=\"block alignleft\" src=\"http:\/\/www.lesfilsdezouaves.fr\/ancien_site\/images\/accueil%2041270x152.jpg?crc=529879086\" alt=\"\" width=\"476\" height=\"267\" data-muse-src=\"images\/accueil%2041270x152.jpg?crc=529879086\" \/><\/p>\r\n","protected":false},"excerpt":{"rendered":"<p>Dans les \u00e9coles, le conteur peut intervenir pour des ateliers ou des moments de conte, en France et \u00e0 l\u2019\u00e9tranger, il intervient aupr\u00e8s de tous les publics de la Maternelle jusqu&rsquo;au Lyc\u00e9e. Langue de travail : fran\u00e7ais, anglais et espagnol. Plusieurs formules sont possibles selon les attentes des \u00e9quipes p\u00e9dagogiques, il peut : &#8211; Intervenir [&hellip;]<\/p>\n","protected":false},"author":1,"featured_media":0,"parent":0,"menu_order":0,"comment_status":"closed","ping_status":"closed","template":"","meta":{"footnotes":""},"_links":{"self":[{"href":"http:\/\/kamel-zouaoui.fr\/index.php?rest_route=\/wp\/v2\/pages\/233"}],"collection":[{"href":"http:\/\/kamel-zouaoui.fr\/index.php?rest_route=\/wp\/v2\/pages"}],"about":[{"href":"http:\/\/kamel-zouaoui.fr\/index.php?rest_route=\/wp\/v2\/types\/page"}],"author":[{"embeddable":true,"href":"http:\/\/kamel-zouaoui.fr\/index.php?rest_route=\/wp\/v2\/users\/1"}],"replies":[{"embeddable":true,"href":"http:\/\/kamel-zouaoui.fr\/index.php?rest_route=%2Fwp%2Fv2%2Fcomments&post=233"}],"version-history":[{"count":8,"href":"http:\/\/kamel-zouaoui.fr\/index.php?rest_route=\/wp\/v2\/pages\/233\/revisions"}],"predecessor-version":[{"id":501,"href":"http:\/\/kamel-zouaoui.fr\/index.php?rest_route=\/wp\/v2\/pages\/233\/revisions\/501"}],"wp:attachment":[{"href":"http:\/\/kamel-zouaoui.fr\/index.php?rest_route=%2Fwp%2Fv2%2Fmedia&parent=233"}],"curies":[{"name":"wp","href":"https:\/\/api.w.org\/{rel}","templated":true}]}}

Volet pédagogique

<div class="wp-block-image" style="text-align: left;">
<figure class="aligncenter is-resized"><img loading="lazy" decoding="async" id="u35166_img" class="block alignnone" src="http://www.lesfilsdezouaves.fr/ancien_site/images/accueil%2040327x184.jpg?crc=4231470503" alt="" width="474" height="266" data-muse-src="images/accueil%2040327x184.jpg?crc=4231470503" /></figure>
</div>



<p style="text-align: left;">Dans les écoles, le conteur peut intervenir pour des ateliers ou des moments de conte, en France et à l’étranger, il intervient auprès de tous les publics de la Maternelle jusqu&rsquo;au Lycée.</p>



<p style="text-align: left;">Langue de travail : français, anglais et espagnol.</p>
<p style="text-align: left;"><img loading="lazy" decoding="async" src="http://www.kamel-zouaoui.fr.fr/images/accueil%2041270x152.jpg?crc=529879086" alt="" width="599" height="337" />Plusieurs formules sont possibles selon les attentes des équipes pédagogiques, il peut :</p>



<p style="text-align: left;">&#8211; Intervenir dans les classes de maternelles  (1 ou 2 contes par classes, jusqu&rsquo;à 35 minutes),</p>



<p style="text-align: left;">&#8211; Intervenir dans les classes de primaires pour des sessions de conte d&rsquo; 1 heure,</p>



<p style="text-align: left;">&#8211; Intervenir en CM2 pour animer un atelier d’écriture collective de contes, pour répondre à des questions sur l’oralité, pour écouter le travail des élèves,</p>



<p style="text-align: left;">&#8211; Intervenir dans les classes de collège pour conter et / ou animer des ateliers d’écriture de contes,</p>
<p style="text-align: left;">&#8211; Intervenir dans les classes de Lycée pour conter et/ou animer des ateliers d’écriture de contes,</p>





<p style="text-align: left;">&#8211; Rencontrer les enseignants pour une formation autour du conte à l’école, partage de méthodes, questions/réponses, etc &#8230;</p>
<p><img loading="lazy" decoding="async" src="http://www.kamel-zouaoui.fr.fr/images/accueil%2039.jpg?crc=3980794294" alt="" width="599" height="337" />&#8211; Animer des séances de contes pour adultes,</p>
<p style="text-align: left;">&#8211; Présenter ses spectacles pour des classes, des adultes,</p>
<p style="text-align: left;">

</p>
<p style="text-align: left;">&#8211; Animer des ateliers d&rsquo;expression orale et de prise de parole en public (pour les  élèves de primaires, du collège, du lycée,  ainsi que pour les adultes).</p>
<p style="text-align: left;">

</p>
<p style="text-align: left;">Les ateliers sont exécutés conformément à une fiche pédagogique validée par l’AEFE.  (disponible sur demande : <a href="http://kamel-zouaoui.fr/?page_id=8">ICI</a>)</p>
<p style="text-align: left;"><img loading="lazy" decoding="async" id="u35238_img" class="block alignnone" src="http://www.lesfilsdezouaves.fr/ancien_site/images/accueil%2039.jpg?crc=3980794294" alt="" width="479" height="269" data-muse-src="images/accueil%2039.jpg?crc=3980794294" /></p>
<p style="text-align: left;"><img loading="lazy" decoding="async" id="u35189_img" class="block alignleft" src="http://www.lesfilsdezouaves.fr/ancien_site/images/accueil%2041270x152.jpg?crc=529879086" alt="" width="476" height="267" data-muse-src="images/accueil%2041270x152.jpg?crc=529879086" /></p>

<p>Dans les écoles, le conteur peut intervenir pour des ateliers ou des moments de conte, en France et à l’étranger, il intervient auprès de tous les publics de la Maternelle jusqu&rsquo;au Lycée. Langue de travail : français, anglais et espagnol. Plusieurs formules sont possibles selon les attentes des équipes pédagogiques, il peut : &#8211; Intervenir [&hellip;]</p>
