{"id":197,"date":"2019-12-25T20:04:22","date_gmt":"2019-12-25T20:04:22","guid":{"rendered":"http:\/\/www.lesfilsdezouaves.fr\/tst1\/?page_id=197"},"modified":"2019-12-25T20:04:22","modified_gmt":"2019-12-25T20:04:22","slug":"radio","status":"publish","type":"page","link":"http:\/\/kamel-zouaoui.fr\/?page_id=197","title":{"rendered":"Radio"},"content":{"rendered":"\n<p>RFI &#8211; La voce del mundo &#8211; 10\/10\/2017<\/p>\n\n\n\n<p>PAR\u00cdS AM\u00c9RICA<\/p>\n\n\n\n<p><a href=\"http:\/\/es.rfi.fr\/americas\/20171010-kamel-zouaoui.fr-visita-el-paraiso-de-los-cuenteros?ref=fb\" target=\"_blank\" rel=\"noreferrer noopener\">Kamel Zouaoui visita el para\u00edso de los cuenteros<\/a><\/p>\n","protected":false},"excerpt":{"rendered":"<p>RFI &#8211; La voce del mundo &#8211; 10\/10\/2017 PAR\u00cdS AM\u00c9RICA Kamel Zouaoui visita el para\u00edso de los cuenteros<\/p>\n","protected":false},"author":1,"featured_media":0,"parent":0,"menu_order":0,"comment_status":"closed","ping_status":"closed","template":"","meta":{"footnotes":""},"_links":{"self":[{"href":"http:\/\/kamel-zouaoui.fr\/index.php?rest_route=\/wp\/v2\/pages\/197"}],"collection":[{"href":"http:\/\/kamel-zouaoui.fr\/index.php?rest_route=\/wp\/v2\/pages"}],"about":[{"href":"http:\/\/kamel-zouaoui.fr\/index.php?rest_route=\/wp\/v2\/types\/page"}],"author":[{"embeddable":true,"href":"http:\/\/kamel-zouaoui.fr\/index.php?rest_route=\/wp\/v2\/users\/1"}],"replies":[{"embeddable":true,"href":"http:\/\/kamel-zouaoui.fr\/index.php?rest_route=%2Fwp%2Fv2%2Fcomments&post=197"}],"version-history":[{"count":0,"href":"http:\/\/kamel-zouaoui.fr\/index.php?rest_route=\/wp\/v2\/pages\/197\/revisions"}],"wp:attachment":[{"href":"http:\/\/kamel-zouaoui.fr\/index.php?rest_route=%2Fwp%2Fv2%2Fmedia&parent=197"}],"curies":[{"name":"wp","href":"https:\/\/api.w.org\/{rel}","templated":true}]}}

<p>RFI &#8211; La voce del mundo &#8211; 10/10/2017</p>



<p>PARÍS AMÉRICA</p>



<p><a href="http://es.rfi.fr/americas/20171010-kamel-zouaoui.fr-visita-el-paraiso-de-los-cuenteros?ref=fb" target="_blank" rel="noreferrer noopener">Kamel Zouaoui visita el paraíso de los cuenteros</a></p>

<p>RFI &#8211; La voce del mundo &#8211; 10/10/2017 PARÍS AMÉRICA Kamel Zouaoui visita el paraíso de los cuenteros</p>
